n**3 + 121*n**2 + 1356*n - 6034. Give r(131).
-8
Let u(h) = -3460*h - 3312. What is u(-1)?
148
Let z(j) = -4*j**2 - 4548*j + 447010. What is z(-1228)?
18
Let z(w) = w**2 - 30*w - 227989. Give z(-463).
270
Let c(s) = 2*s**3 - 1179*s**2 - 705*s + 67858. Determine c(590).
8
Let p(l) = -13*l**3 + 181*l**2 - 195*l + 489. Give p(13).
-18
Let w(u) = 107*u**2 + 307*u + 2. Calculate w(-2).
-184
Let l(v) = -12*v**2 - 198*v - 1448. What is l(-6)?
-692
Let h(b) = b**2 - 1264*b + 302632. Determine h(321).
-71
Let u(q) = 1164*q - 87168. What is u(75)?
132
Let u(n) = -21*n**3 + 6*n**2 - 575*n + 2317. What is u(4)?
-1231
Let b(q) = 502*q - 6238. Give b(14).
790
Let w(y) = -1845*y + 22147. Give w(12).
7
Let h(w) = w**2 - 599*w - 36668. Give h(-57).
724
Let n(r) = -35205*r - 70342. Give n(-2).
68
Let o(y) = -6424*y + 38465. What is o(6)?
-79
Let z(o) = -7543*o - 43772. What is z(-6)?
1486
Let y(g) = g**3 + 147*g**2 + 5249*g + 33893. Give y(-96).
5
Let m(l) = 4411*l + 74934. Determine m(-17).
-53
Let u(r) = -r**2 - 1332*r - 31470. What is u(-24)?
-78
Let r(w) = 40026*w + 5083300. Calculate r(-127).
-2
Let k(y) = -7729*y - 170012. What is k(-22)?
26
Let o(n) = 12719*n + 750422. Give o(-59).
1
Let b(o) = 29*o**3 + 578*o**2 - 29*o + 270. Determine b(-20).
50
Let n(v) = -201*v**3 + 228*v**2 - 224*v - 2. Determine n(1).
-199
Let m(g) = 4*g**2 - 1070*g + 22198. Determine m(22).
594
Let t(d) = -5241*d + 424261. Give t(81).
-260
Let m(d) = -2*d**3 - 13*d**2 + 135*d + 1399. What is m(-12)?
1363
Let d(x) = x**2 + 139*x + 6518. Calculate d(-78).
1760
Let w(h) = -h**3 - 44*h**2 + 863*h + 6938. Calculate w(-57).
-16
Let l(z) = 811*z - 4243. What is l(5)?
-188
Let a(s) = s**3 - 245*s**2 + 12944*s + 13687. Determine a(167).
-7
Let b(r) = -2*r**2 - 399*r + 420. Give b(0).
420
Let v(q) = 2*q**3 + 103*q**2 - 34*q - 9406. Give v(-50).
-206
Let g(p) = 2*p**3 + 169*p**2 - 592*p + 2092. Give g(-88).
-20
Let h(j) = j**2 - 15859*j + 47565. Calculate h(3).
-3
Let w(l) = 4*l**2 - 73844*l - 369317. What is w(-5)?
3
Let t(o) = 11*o**2 - 119*o - 94. Give t(14).
396
Let l(d) = -3369*d + 17097. Give l(5).
252
Let w(j) = j**3 + 5*j**2 - 12487*j - 49958. Calculate w(-4).
6
Let l(a) = -313*a - 116764. Calculate l(-373).
-15
Let l(a) = 113*a - 28928. Give l(251).
-565
Let t(b) = -2*b**2 - 4255*b + 16983. What is t(4)?
-69
Let p(d) = -d**3 - 27*d**2 - 521*d - 14717. What is p(-27)?
-650
Let x(z) = -2*z**3 - 51*z**2 - 257*z + 212. Determine x(-18).
-22
Let o(l) = -18*l**3 - 3564*l**2 - 242*l - 47917. Determine o(-198).
-1
Let k(o) = o**3 + 151*o**2 - 3222*o + 1352. Give k(-170).
-8
Let m(o) = 653*o + 32235. What is m(-48)?
891
Let g(h) = -h**3 + 69*h**2 - 473*h + 9936. Give g(64).
144
Let p(y) = 23*y**2 - 3179*y + 3213. Calculate p(137).
-623
Let h(w) = w**3 + 68*w**2 + 533*w + 41591. Calculate h(-69).
53
Let i(z) = 96*z - 3504. Calculate i(33).
-336
Let d(q) = -q**3 + 95*q**2 - 337*q + 5632. Calculate d(92).
20
Let l(z) = -z**3 - 108*z**2 + 4308*z + 9. Determine l(31).
-22
Let z(l) = -2*l**2 + 15191*l - 1217341. Give z(81).
8
Let h(b) = -106*b**3 - 28*b**2 - 20*b + 72. Give h(-2).
848
Let b(u) = -u**3 - 124*u**2 + 1746*u + 480. Give b(13).
25
Let o(a) = -7*a - 2265. What is o(-352)?
199
Let l(c) = -c**3 - 176*c**2 + 5947*c + 146. Give l(-205).
-264
Let n(t) = 2*t**3 + 58*t**2 - 259*t + 155. Calculate n(-33).
-10
Let x(s) = 2*s**3 + 7*s**2 - 61*s - 78. Calculate x(-7).
6
Let t(d) = -48*d**2 + 141*d + 211. What is t(4)?
7
Let m(l) = l**3 + 63*l**2 - 100*l + 1144. Give m(-65).
-806
Let g(t) = 110*t - 48080. Determine g(437).
-10
Let i(v) = -2*v**2 + 6664*v - 172586. Determine i(26).
-674
Let c(h) = -127462*h - 14148276. Calculate c(-111).
6
Let u(z) = -z**3 + 690*z**2 - 19*z - 46. Give u(0).
-46
Let i(q) = q**3 - 40*q**2 - 180*q - 90. Calculate i(45).
1935
Let v(y) = -y**2 - 1522*y + 12113. Determine v(8).
-127
Let n(m) = -2*m**3 - 151*m**2 + 1145*m - 2123. Determine n(4).
-87
Let p(c) = -c**3 + 65*c**2 - 167*c + 2525. Determine p(63).
-58
Let a(i) = i**2 - 534*i + 7300. What is a(14)?
20
Let j(m) = -11130*m - 545559. Give j(-49).
-189
Let b(c) = 4*c**3 - 394*c**2 - 5796*c + 62. Give b(-13).
36
Let g(t) = -t**3 + 45*t**2 - 434*t - 247. Determine g(15).
-7
Let z(q) = -532*q + 120144. Calculate z(226).
-88
Let i(l) = -3*l**2 + 868*l - 277. Calculate i(289).
12
Let j(p) = -4*p**2 - 280*p + 8. Determine j(-71).
-276
Let c(f) = -92*f + 630. What is c(0)?
630
Let t(m) = 1025*m**2 + 135297*m - 390. Give t(-132).
6
Let x(y) = y**2 - 399*y + 1616. Calculate x(4).
36
Let f(d) = -405*d + 3280. Calculate f(7).
445
Let c(p) = -447*p**2 - 1165*p - 1141. Give c(-1).
-423
Let j(g) = 1393*g + 4076. Calculate j(-3).
-103
Let q(s) = -5*s**2 - 9*s + 715. Give q(17).
-883
Let n(b) = 2*b**3 + b**2 - 39*b - 845. Determine n(0).
-845
Let d(o) = -2078*o + 72751. Give d(35).
21
Let c(i) = -i**3 + 47*i**2 - 357*i - 2249. Calculate c(16).
-25
Let f(d) = d**2 + 862044*d + 6. Calculate f(0).
6
Let s(l) = l**3 - 84*l**2 - 276*l - 33. Calculate s(-3).
12
Let h(c) = 68*c + 2691. Determine h(-34).
379
Let u(l) = 4*l**2 + 1529*l + 144956. What is u(-208)?
-20
Let u(h) = -h**3 - 46*h**2 - 107*h - 4804. Calculate u(-46).
118
Let h(z) = -z**2 - 86*z + 19496. Determine h(103).
29
Let l(z) = -z**3 - 465*z**2 - 15834*z + 72. Calculate l(-37).
-2
Let z(o) = 1392*o + 11912. Calculate z(-8).
776
Let y(g) = 4*g**2 - 2781*g - 16835. Determine y(-6).
-5
Let h(v) = 2210*v + 10668. What is h(-5)?
-382
Let s(t) = -1018*t + 27721. Give s(27).
235
Let q(f) = 11261*f + 2240902. Calculate q(-199).
-37
Let p(r) = 107*r - 17822. What is p(162)?
-488
Let p(h) = 43994*h - 835879. What is p(19)?
7
Let g(v) = 3*v**3 + 16*v**2 - 5*v - 440. What is g(7)?
1338
Let d(f) = 2*f**3 - 102*f**2 + 2250*f - 19644. Determine d(19).
2
Let z(p) = 4613*p + 4445. Determine z(-1).
-168
Let k(h) = 22*h**3 + 56*h**2 - 194*h + 121. Give k(3).
637
Let h(p) = -2*p**2 + 215*p + 910. Calculate h(108).
802
Let a(f) = 41*f**2 + 12126*f - 2976. Calculate a(-296).
-16
Let o(v) = 24800*v - 49980. What is o(2)?
-380
Let d(k) = 229*k**2 + 29525*k - 2039. What is d(-129)?
25
Let t(c) = 19*c**3 - 1048*c**2 + 309*c - 7908. Calculate t(55).
12
Let x(w) = -1234*w**3 - 7*w + 7. Calculate x(1).
-1234
Let h(j) = -j**2 - 7453*j + 186945. Determine h(25).
-5
Let p(q) = -q**2 - 68*q - 158. Give p(-47).
829
Let i(d) = -57357*d + 2695801. Give i(47).
22
Let w(l) = -1252*l + 383060. Calculate w(306).
-52
Let h(j) = -j**3 + 281*j**2 - 8935*j - 3459. Calculate h(37).
-18
Let a(f) = -5*f**2 - 279*f + 9235. Give a(-79).
71
Let n(h) = 11225*h + 3030744. Give n(-270).
-6
Let n(a) = -1238*a + 22262. Give n(18).
-22
Let r(f) = 8*f**3 - 3*f**2 + 27*f - 217. Calculate r(5).
843
Let k(f) = -98*f**3 - 15*f**2 - 22*f + 1. Determine k(-2).
769
Let s(p) = p**3 + 275*p**2 + 4399*p + 3353. Calculate s(-258).
-1
Let m(n) = 7359*n - 80784. Determine m(11).
165
Let b(h) = 72*h - 2200. Calculate b(32).
104
Let l(q) = -3*q**3 - 137*q**2 + 198*q + 7106. What is l(-46)?
114
Let y(o) = -282*o + 5255. Calculate y(27).
-2359
Let f(a) = -a**2 - 74*a + 1585. What is f(-72)?
1729
Let f(t) = 25*t**2 - 1483*t - 96. Calculate f(59).
-568
Let l(b) = 2*b**3 - 76*b**2 - 21*b + 3523. What is l(37)?
8
Let r(y) = y**3 + 163*y**2 - 1017*y - 1145. What is r(-169)?
-638
Let t(g) = 356731*g - 1783652. Determine t(5).
3
Let h(p) = p**3 - 97*p**2 + 1912*p - 174305. What is h(96)?
31
Let p(b) = -103*b**2 + 15*b - 24. What is p(3)?
-906
Let o(v) = v**3 + v**2 + 23*v + 149. Determine o(0).
149
Let j(s) = -2*s**3 + 10*s**2 + 34*s - 1269. Determine j(-9).
693
Let c(t) = t**3 + 90*t**2 - 12372*t + 423. Give c(-165).
-72
Let a(m) = m**3 - 67*m**2 + 674*m + 3121. Determine a(54).
1609
Let z(x) = 4*x**2 - 266*x + 4033. Give z(37).
-333
Let r(d) = 141*d + 25232. What is r(-177)?
275
Let o(p) = 4499*p - 85465. Calculate o(19).
16
Let q(s) = 1693754*s - 3387519. What is q(2)?
-11
Let i(t) = 3*t**3 + 7*t**2 + 23*t + 17. Give i(-1).
-2
Let a(b) = 68053*b + 476380. Calculate a(-7).
9
Let m(t) = 100*t**2 + t + 42. What is m(-2)?
440
Let o(g) = -1137*g + 462786. Give o(407).
27
Let v(g) = -g**2 - 74*g - 926. Give v(-19).
119
Let q(n) = -n**3 + 192*n**2 - 147*n - 10694. Give q(191).
-2290
Let l(a) = 2*a**2 - 51*a - 756. What is l(36)?
0
Let g(i) = 4*i**2 - 161